{"id":3666,"date":"2020-08-06T17:44:16","date_gmt":"2020-08-06T20:44:16","guid":{"rendered":"https:\/\/biodoctor.com.br\/2020\/?page_id=3666"},"modified":"2020-08-06T19:04:44","modified_gmt":"2020-08-06T22:04:44","slug":"biodoctor","status":"publish","type":"page","link":"https:\/\/biodoctor.com.br\/?page_id=3666","title":{"rendered":"Biodoctor"},"content":{"rendered":"<p>[vc_row][vc_column][vc_column_text]<\/p>\n<p style=\"text-align: justify;\">BIODOCTOR DIAGN\u00d3STICOS Laborat\u00f3rio de An\u00e1lises Cl\u00ednicas \u00e9 uma empresa privada prestadora de servi\u00e7os na \u00e1rea da sa\u00fade, dentro de um alto padr\u00e3o de qualidade, respeitando padr\u00f5es t\u00e9cnicos e administrativos normatizados, regulamentados pelos \u00f3rg\u00e3os competentes como a ANVISA, Vigil\u00e2ncia Sanit\u00e1ria do Estado de S\u00e3o Paulo, Vigil\u00e2ncia Sanit\u00e1ria do Munic\u00edpio de Cruzeiro, Conselho Regional de Biomedicina &#8211; 1\u00aa Regi\u00e3o dentre outros \u00f3rg\u00e3os privados regulamentadores.<\/p>\n<p style=\"text-align: justify;\">Sua atua\u00e7\u00e3o dentro da \u00e1rea de sa\u00fade \u00e9 a realiza\u00e7\u00e3o de exames e testes laboratoriais, atrav\u00e9s da coleta de material biol\u00f3gico. Um bom resultado \u00e9 fruto da consist\u00eancia de informa\u00e7\u00f5es entre a an\u00e1lise e os dados do paciente, que de fato permita ao m\u00e9dico tomar uma conduta imediata, seja para confirmar uma suspeita, seja para descartar uma hip\u00f3tese, seja para prosseguir a investiga-\u00e7\u00e3o. Assim contribui para m\u00e9dicos e pacientes atrav\u00e9s da realiza\u00e7\u00e3o de diagn\u00f3sticos, progn\u00f3sticos e na preven\u00e7\u00e3o de doen\u00e7as.<\/p>\n<p style=\"text-align: justify;\">Nosso portf\u00f3lio apresenta um servi\u00e7o completo, desde a coleta do material biol\u00f3gico, at\u00e9 a entrega dos laudos com os respectivos resultados. Os exames processados em nossa \u00c1rea T\u00e9cnica contam com modernos e atualizados equipamentos que garantem a qualidade, agilidade e a precis\u00e3o dos nossos servi\u00e7os.<\/p>\n<p style=\"text-align: justify;\">Realizamos Exames Laboratorias nas \u00c1reas de Hematologia, Bioqu\u00edmi-ca, Imunologia, Microbiologia, Uroan\u00e1lise, Parasitologia, Dosagens Hormo-nais, Citologia Onc\u00f3tica, An\u00e1lises de L\u00edquidos Biol\u00f3gicos, Teste de Investiga\u00e7\u00e3o de Paternidade \u2013 DNA. Atendimento personalizado a empresas com Exames Admissionais, Demissionais, Peri\u00f3dicos e Toxicol\u00f3gicos.<\/p>\n<p style=\"text-align: justify;\">Possu\u00edmos uma estrutura altamente capacitada para atender as neces-sidades dos nossos clientes com responsabilidade e seguran\u00e7a, satisfazendo e alcan\u00e7ando suas expectativas.<\/p>\n<p style=\"text-align: justify;\">Contamos com colaboradores eficientes e especializados, atualizados continuamente, a fim de desenvolver um atendimento personalizado, com pro-fissionalismo e conduta \u00e9tica. Sem contar que o respeito humano faz parte do nosso dia-a-dia.<\/p>\n<p style=\"text-align: justify;\">O laborat\u00f3rio Biodoctor Diagn\u00f3sticos traz uma nova vis\u00e3o, melhorar sempre. Busca a inova\u00e7\u00e3o, n\u00e3o s\u00f3 investindo em equipamentos modernos, mas tamb\u00e9m no capital humano e na responsabilidade socioambiental, ofe-recendo solu\u00e7\u00f5es eficazes e \u00e1geis. Inova\u00e7\u00e3o \u00e9 sin\u00f4nimo de agir com boas id\u00e9ias, que geralmente s\u00e3o simples, pr\u00e1ticas, e claro, necess\u00e1rias para a efici\u00eancia do processo.<\/p>\n<p style=\"text-align: justify;\">Nosso maior desafio \u00e9 a quebra do paradigma &#8220;custo-benef\u00edcio&#8221;, a-gregando valores de excel\u00eancia a um custo justo, dando a todos &#8211; sociedade, clientes, fornecedores e colaboradores &#8211; oportunidade de acesso aos nossos servi\u00e7os.<\/p>\n<p style=\"text-align: justify;\">O compromisso do Biodoctor Diagn\u00f3sticos \u00e9 promover a sa\u00fade e o bem-estar.<\/p>\n<p>[\/vc_column_text][\/vc_column][\/vc_row]<\/p>\n","protected":false},"excerpt":{"rendered":"<p>[vc_row][vc_column][vc_column_text] BIODOCTOR DIAGN\u00d3STICOS Laborat\u00f3rio de An\u00e1lises Cl\u00ednicas \u00e9 uma empresa privada prestadora de servi\u00e7os na \u00e1rea da sa\u00fade, dentro de&#8230;<\/p>\n","protected":false},"author":1,"featured_media":0,"parent":0,"menu_order":0,"comment_status":"closed","ping_status":"closed","template":"","meta":[],"_links":{"self":[{"href":"https:\/\/biodoctor.com.br\/index.php?rest_route=\/wp\/v2\/pages\/3666"}],"collection":[{"href":"https:\/\/biodoctor.com.br\/index.php?rest_route=\/wp\/v2\/pages"}],"about":[{"href":"https:\/\/biodoctor.com.br\/index.php?rest_route=\/wp\/v2\/types\/page"}],"author":[{"embeddable":true,"href":"https:\/\/biodoctor.com.br\/index.php?rest_route=\/wp\/v2\/users\/1"}],"replies":[{"embeddable":true,"href":"https:\/\/biodoctor.com.br\/index.php?rest_route=%2Fwp%2Fv2%2Fcomments&post=3666"}],"version-history":[{"count":7,"href":"https:\/\/biodoctor.com.br\/index.php?rest_route=\/wp\/v2\/pages\/3666\/revisions"}],"predecessor-version":[{"id":3695,"href":"https:\/\/biodoctor.com.br\/index.php?rest_route=\/wp\/v2\/pages\/3666\/revisions\/3695"}],"wp:attachment":[{"href":"https:\/\/biodoctor.com.br\/index.php?rest_route=%2Fwp%2Fv2%2Fmedia&parent=3666"}],"curies":[{"name":"wp","href":"https:\/\/api.w.org\/{rel}","templated":true}]}}