{"id":3711,"date":"2020-08-20T11:55:16","date_gmt":"2020-08-20T14:55:16","guid":{"rendered":"https:\/\/biodoctor.com.br\/2020\/?page_id=3711"},"modified":"2020-08-20T11:58:47","modified_gmt":"2020-08-20T14:58:47","slug":"missao-visao-e-valores","status":"publish","type":"page","link":"https:\/\/biodoctor.com.br\/?page_id=3711","title":{"rendered":"Miss\u00e3o, Vis\u00e3o e Valores"},"content":{"rendered":"\n<p><strong>Nossa Vis\u00e3o:<\/strong><\/p>\n\n\n\n<p>Ser reconhecido por nossa conduta \u00e9tica associada \u00e0 excel\u00eancia e personaliza\u00e7\u00e3o dos nossos servi\u00e7os.<\/p>\n\n\n\n<p><strong>Nossa Miss\u00e3o:<\/strong><\/p>\n\n\n\n<p>Oferecer servi\u00e7os de excel\u00eancia em medicina diagn\u00f3stica e preventiva.<\/p>\n\n\n\n<p><strong>Nossos Princ\u00edpios:<\/strong><\/p>\n\n\n\n<p>Honrar com nossos principais compromissos, que s\u00e3o a satisfa\u00e7\u00e3o de nossos clientes e a excel\u00eancia de nossos servi\u00e7os, sempre conciliando o interesse de todos.<\/p>\n\n\n\n<p><strong>Nossos Valores:<\/strong><\/p>\n\n\n\n<ul><li>Credibilidade;<\/li><\/ul>\n","protected":false},"excerpt":{"rendered":"<p>Nossa Vis\u00e3o: Ser reconhecido por nossa conduta \u00e9tica associada \u00e0 excel\u00eancia e personaliza\u00e7\u00e3o dos nossos servi\u00e7os. Nossa Miss\u00e3o: Oferecer servi\u00e7os&#8230;<\/p>\n","protected":false},"author":1,"featured_media":0,"parent":0,"menu_order":0,"comment_status":"closed","ping_status":"closed","template":"","meta":[],"_links":{"self":[{"href":"https:\/\/biodoctor.com.br\/index.php?rest_route=\/wp\/v2\/pages\/3711"}],"collection":[{"href":"https:\/\/biodoctor.com.br\/index.php?rest_route=\/wp\/v2\/pages"}],"about":[{"href":"https:\/\/biodoctor.com.br\/index.php?rest_route=\/wp\/v2\/types\/page"}],"author":[{"embeddable":true,"href":"https:\/\/biodoctor.com.br\/index.php?rest_route=\/wp\/v2\/users\/1"}],"replies":[{"embeddable":true,"href":"https:\/\/biodoctor.com.br\/index.php?rest_route=%2Fwp%2Fv2%2Fcomments&post=3711"}],"version-history":[{"count":1,"href":"https:\/\/biodoctor.com.br\/index.php?rest_route=\/wp\/v2\/pages\/3711\/revisions"}],"predecessor-version":[{"id":3712,"href":"https:\/\/biodoctor.com.br\/index.php?rest_route=\/wp\/v2\/pages\/3711\/revisions\/3712"}],"wp:attachment":[{"href":"https:\/\/biodoctor.com.br\/index.php?rest_route=%2Fwp%2Fv2%2Fmedia&parent=3711"}],"curies":[{"name":"wp","href":"https:\/\/api.w.org\/{rel}","templated":true}]}}